hat is -5 - (-8 + (-4 - -15) + 5)?
-13
Calculate (1 - (-4 + 12)) + -3 - -8.
-2
(-12 - 0) + (4 - (1 - -11))
-20
Evaluate (17 + -3 - 61) + (8 - -1).
-38
What is 0 - -16 - (-102 - (-156 + 37))?
-1
Evaluate (-2 - -7) + (-44 - -29) - (0 - 6).
-4
17 + (-10 - -26) + (9 - 23)
19
What is -47 + 49 - (-5 - (0 + 2))?
9
Calculate -26 + (-14 - (8 - 38)) - (-25 - -1).
14
What is the value of 15 + -6 + -11 + 2 - -1 - 0?
1
(4 - (-6 + 13)) + -3 - -8
2
What is the value of (-22 - (-1 + -17)) + 6 - 29?
-27
Calculate 22 + (10 + -28 - 8).
-4
Evaluate -1 + -3 + 5 + (17 - 22 - -18).
14
Evaluate (-24 - -1) + (7 - (-11 + 7)).
-12
What is the value of (-8 - -8) + -2 + -12 + (1 - -5)?
-8
What is the value of (6 - 19) + 38 + (-1 - 7)?
17
20 + -28 - -6 - (1 + -5)
2
(7 - (1 + -2)) + (-22 - (-34 - -33))
-13
What is 7 + (-25 - (-20 + 5))?
-3
Evaluate (-6 + -1 + 3 - -3) + (-158 - -139).
-20
Calculate (92 - 79) + (-1 - 19).
-7
Calculate 1 - (1 + -2 - 1) - (1045 - 1041).
-1
0 - (-2 - -3) - -24 - (495 + -485)
13
Evaluate 2 + 5 + (-60 - (38 - 75)).
-16
What is the value of -281 + 271 - ((0 - -1) + 5)?
-16
(0 - (-3 - (-6 - (-7 - -4)))) + -6
-6
Calculate 22 - (40 + 35 + -47).
-6
Evaluate 4 - -16 - (22 - (1 - -3)).
2
What is -30 + (8 - 2) + 31?
7
What is the value of 11 + (-39 - (16 - 43))?
-1
(-3 - (-1 + -1 - -4)) + 84 + -88
-9
Evaluate -2 + 11 - (171 - 177 - (0 + -13)).
2
What is the value of (12 - 10 - 1) + (-13 - -5) + -7?
-14
(49 - 45 - (-24 + 2)) + -11
15
What is (48 - 19) + -43 - (5 - -1)?
-20
-2 - (3 + -5 + 6 - -18 - 3)
-21
What is 6 + (6 - -9 - 32) + -11?
-22
-11 - (3 + 1 - 2)
-13
What is -27 - -24 - (3 - ((3 - 3) + 2))?
-4
What is 3 + -17 + 15 - (10 + -2) - -19?
12
Calculate -1 - 31 - (38 - (29 + 12)).
-29
What is the value of 3 + (10 - 11) - -13?
15
Evaluate (-18 - 21) + (32 - 12).
-19
What is the value of 13 + ((5 - -1) + 2 - 13)?
8
0 + -1 + (16 - 17) - (-1 + -8)
7
-1 + 9 + (35 - (42 - -18))
-17
Evaluate -25 + -7 + (13 - -1) + -7.
-25
Calculate 5 - (25 + 13 + -26).
-7
(-53 - -43 - (-1 - 1)) + 8
0
What is 34 + 2 - 0 - (1 + -16 + 15)?
36
Calculate (1 - 4) + 0 - (196 - 227).
28
(-20 - (28 + -51)) + -18
-15
What is -3 + (2 - (-12 - -36 - 12 - -5))?
-18
Evaluate 0 + 16 + -26 - (5 - 5).
-10
What is the value of 1 + 1 - (-6 - -1 - 1)?
8
Calculate -20 + 18 + 1 - (19 + -1 + 0).
-19
-22 + 23 + (-5 + 5 - -2)
3
(23 - 10 - 6) + 2 + -8 + -1
0
What is 9 + -22 + 248 + -210?
25
-2 - (18 + -9 + -13 + -2) - -2
6
(-20 - (4 - (4 - -4))) + -3
-19
1 + (-6 - (-6 - 3)) + (-1 - -10)
13
(15 - 9) + -5 + -1
0
What is 4 + (-24 - -3) + 2 - (7 - 5)?
-17
Evaluate 3 - ((-167 - -152) + (1 - 8)) - 3.
22
Calculate 22 + -26 + 38 + -20.
14
Calculate 10 + (5 - 1) + (0 - 1).
13
Evaluate (69 - 93) + 41 + (10 - 0).
27
What is the value of -1 + 2 - ((-1 - (3 + 3)) + 1)?
7
Evaluate -1 + (7 - 11) + 3 - 8.
-10
1126 - 1095 - (-2 - (1 - 6))
28
What is -22 + 38 + 25 + -19?
22
Calculate -2 - -3 - (24 + -23 + 9).
-9
Evaluate -16 - (22 + -31) - -25.
18
Calculate -4 - 3 - ((38 - 32) + -2 + 0).
-11
-31 + 52 - 12 - 33
-24
What is the value of (-11 - (-19 - -2)) + -3 + -1?
2
Calculate (15 - (13 - 7)) + -13.
-4
What is 6 + -15 + 7 + (0 + 1 - 10)?
-11
What is the value of (21 - 3) + (-14 + -4 - 30)?
-30
Calculate -15 - (-39 - (-24 - (-12 - 6))).
18
What is -4 + -6 + (36 - (12 - (11 + -2)))?
23
Calculate 18 + (-3 - (-5 - -11 - 5)).
14
What is the value of -6 - (13 - 4 - (8 - (-6 - -5)))?
-6
What is the value of (0 - -26) + -1667 + 1626?
-15
Evaluate (-6 - (-12 - -7)) + -7 + -4 + 1.
-11
What is 33 - (22 + -10 + (9 + 1 - 11))?
22
Calculate 10 - (2 + 6 - -10).
-8
Calculate 76 - 86 - (-2 - 22 - 2).
16
What is -6 + (-9 - -19 - 7) - 8?
-11
Calculate 325 + -359 + (-3 - (-3 + -7)).
-27
What is (0 - (-2 - -5)) + 17?
14
Evaluate (-19 + 25 - 14) + 26.
18
What is the value of 383 + -376 + (2 - 14)?
-5
What is the value of 15 - 17 - (10 + 0)?
-12
What is -6 - (2 - 14 - -6)?
0
What is the value of 3 - (11 + -3 - 17 - -15)?
-3
Evaluate 17 - -2 - (245 + -240).
14
What is the value of -196 + 186 - (-12 + 2)?
0
Calculate 0 - -20 - (43 - 35).
12
Calculate -14 + 16 + (15 - (-6 + 6)) + 2.
19
What is (8 - -1) + (-103 - -96) + 1 - -3?
6
What is the value of 26 + -11 + 4 - (42 - -10)?
-33
Calculate (2 - 4) + 2 + (-27 - 12 - -16).
-23
16 + (-17 - -6) + -5 + 4
4
What is -6 - (9 + (7 - 16) - 2)?
-4
Evaluate -889 + 926 + 2 + -28.
11
Evaluate 3 - -17 - (110 - 86).
-4
Evaluate (0 - -13 - 8 - (20 + 1)) + 3.
-13
What is -6 + (-1 - (-7 + 7))?
-7
Evaluate (2 - 4) + -14 + -4 + 17.
-3
(-28 - -21 - (-9 + 1)) + -8
-7
Calculate 1 - (12 + 11 + -10 + (-6 - 1)).
-5
What is -9 - (6 + -7 + 3 + -1)?
-10
Calculate -4 - (-12 - (-1 - (1 - -6))).
0
What is (1 - 3) + -9 + 9 + 49 + -17?
30
Calculate (-11 - -9 - (0 - 44)) + -14.
28
-103 + -36 + 66 + 35
-38
(-5 - 2) + 17 - (7 - (4 - 1))
6
What is (-8 - -15) + 1 + -4 + 4?
8
What is the value of (3 + -3 - -4) + -3 - (-6 + 7)?
0
(-3 - 0) + 0 + 4 + -5 + 0
-4
Evaluate (-169 - -183) + 2 + (-1 - (2 - 3)).
16
(-42 - (5 - 23)) + (4 - 2) + 8
-14
What is the value of -3 - (18 - (17 - -15))?
11
What is the value of 8 - (6 - 4) - (14 - 2) - 5?
-11
Calculate (-12 - -34) + -29 + 0 + 20.
13
What is the value of -194 - -193 - (1 - 15)?
13
Evaluate -56 + 25 + 43 + -37.
-25
What is the value of 508 + -501 + (10 - (3 + -3) - 0)?
17
What is -6 + (1 - (0 - (-5 - -6)))?
-4
Evaluate -2 + -9 + 8 - (2 + 0).
-5
What is 3 - (-9 + 8) - 9?
-5
What is the value of 4 + (0 - 37) - -30?
-3
What is the value of 16 - (112 + -123 + 3 + (0 - 2))?
26
What is the value of 13 + 12 + 17 - 10?
32
What is the value of (-14 + 10 - -9 - -18) + -14?
9
Evaluate -34 - (-13 + -18) - 30.
-33
What is 256 - 251 - (-1 - -23 - (-9 + 12))?
-14
Evaluate (2 - 2 - -1 - 17) + 4.
-12
Evaluate (21 - 6 - 7) + 9 + -12.
5
Evaluate -23 - -34 - (7 - 2) - 23.
-17
What is (3 + -1 - (-33 - -50)) + 1 + 3?
-11
What is the value of -7 - (1 + 5 + -4)?
-9
9 + (-1 + 10 - (2 + -5 - -42))
-21
Evaluate (1 - 7) + -15 + (5 - -5).
-11
What is the value of 49 + -57 - (0 + -9)?
1
Evaluate -1 - ((0 - 14) + 15).
-2
What is the value of (40 - 40) + (-3 - 3 - 3)?
-9
4 + 2 - (20 + (-3 - 8))
-3
What is 8 + 2 + (4 - 3) - (-30 - -27)?
14
What is 19 + (2 - 6 - (-7 - (6 + -4)))?
24
(2 - (-15 - -14)) + (16 - 4)
15
Calculate 12 + -27 - ((0 - -6) + 1 + -7).
-15
1 - -11 - 3 - 11 - -4
2
-2 + 0 + 2 + 7 + -15
-8
0 - (-7 + 4 + (-6 + 5 - -7))
-3
(-24 - (-7 - 9)) + (-1 - -11)
2
Evaluate (-3 - -23) + (-145 - -138).
13
What is -20 - (-26 - 6) - 10?
2
Calculate 19 + 6 + -36 - -4.
-7
(11 + -14 + 3 - (1 - -1)) + -5
-7
Calculate 11 + -28 - (5 + -4).
-18
What is 4 + -1 + -16 + -4?
-17
What is 3 + (-7 - (6 + -12 + 9)) + 3?
-4
-2 - (-1 + (-2 - -5)) - (17 - 30)
9
Calculate (-16 + 1 - (-151 + 122)) + (-2 - -7).
19
Calculate 25 + -3 + -8 - 17 - -15.
12
-1 + -3 + 1 - (-40 - (-38 - -16))
15
What is -1 + 6 - (-37 - (17 + -40))?
19
Calculate -434 + 446 + (-19 - 2).
-9
3 - (-13 - -10) - -7
13
-15 - (4 - (1 - (0 - (-6 - -9))))
-15
What is (-32 - (-25 + 13)) + 5 + 2 + 0?
-13
4 - (-9 + -1 - -4)
10
Evaluate (-29 - -6) + 10 + 6.
-7
What is 1 + (3 - 4 - -8) + -6 - 6?
-4
Evaluate (5 - 6) + -1 + 2 + -109 + 104.
-5
Evaluate -15 + (17 + 13 - -8 - -8).
31
(76 - 40) + -54 + -15
-33
What is the value of (1 - -2) + (-47 - -12) + 50?
18
9 + -2 + -8 + (-4 - -6 - -4)
5
What is the value of 6 + 1 + 0 - ((-40 - -74) + -32)?
5
Evaluate -21 + (-12 - (-6 + -26)) + (-1 - -17).
15
-11 - -11 - (-20 + 9)
11
Evaluate 11 - (3 - ((9 - 15) + 6)).
8
-14 - (-2 + -2 + -5) - 5
-10
What is -1 - -15 - (-14 + 22)?
6
(19 - ((-27 - -12) + 41)) + 8
1
What is 4 - ((13 - 2) + (-9 - (4 + -11)))?
-5
What is the value of (2 - (-12 - -8) - -1) + -6?
1
(-97 - -104) + (-11 - 0) + 4 + -3
-3
What is 1 + -9 - (7 + 16 + 13 + -26)?
-18
Evaluate 1 + (1077 - 1087) + (0 - -2 - 8).
-15
Calculate (-8 - -14) + 1 + -21 + 2 + -2.
-14
Evaluate -4 - 1 - (-14 - (-8 - 5)) - 14.
-18
What is 16 - (-18 - (-4 + -15))?
15
Calculate (-19 - -8) + 9 - -14.
12
4 + (0 - 13) + (292 - 308)
-25
Evaluate -13 + 0 - (634 - 651).
4
Calculate (-10 + -16 - 0) + 10.
-16
What is 8 + -6 + (-4 + 6 - 0)?
4
Evaluate 100 + -78 + -5 + -15.
2
What is -14 - (-2 + 5 + 2 + -7 + -6)?
-6
Evaluate (-443 - -430 - (18 - 1)) + -1 + 4.
-27
Calculate 0 - 0 - (0 + 12) - (37 + -42).
-7
Calculate -7 - (12 - 2 - (-7 - (-15 - -4))).
-13
Evaluate -36 + 7